10) to base 12
-52
Convert -1 (base 11) to base 4.
-1
Convert 2032 (base 4) to base 15.
97
Convert -6a (base 13) to base 12.
-74
-123 (base 11) to base 4
-2102
Convert -6 (base 15) to base 10.
-6
e (base 15) to base 10
14
0 (base 6) to base 15
0
What is 101 (base 3) in base 15?
a
Convert 166 (base 10) to base 16.
a6
What is -12 (base 6) in base 9?
-8
What is 2 (base 9) in base 11?
2
Convert 46 (base 14) to base 12.
52
What is -14 (base 7) in base 8?
-13
-52 (base 16) to base 13
-64
Convert -256 (base 9) to base 7.
-423
Convert 12 (base 6) to base 4.
20
-30 (base 12) to base 8
-44
-3 (base 11) to base 4
-3
What is -3 (base 4) in base 12?
-3
Convert 6b (base 15) to base 6.
245
Convert -a9 (base 14) to base 10.
-149
-2 (base 14) to base 3
-2
-12 (base 8) to base 11
-a
Convert -1a (base 12) to base 15.
-17
Convert 2 (base 6) to base 4.
2
3 (base 9) to base 8
3
What is -117 (base 10) in base 15?
-7c
What is -349 (base 10) in base 3?
-110221
47 (base 14) to base 2
111111
6c (base 15) to base 12
86
What is -33 (base 4) in base 6?
-23
-2 (base 8) to base 11
-2
Convert 1132 (base 5) to base 13.
cb
-1 (base 16) to base 3
-1
-5 (base 12) to base 5
-10
-4 (base 16) to base 6
-4
-145 (base 9) to base 7
-233
Convert 2 (base 15) to base 12.
2
Convert 166 (base 11) to base 4.
3001
Convert 7 (base 16) to base 4.
13
c (base 13) to base 12
10
What is -3 (base 4) in base 15?
-3
8 (base 9) to base 16
8
4 (base 11) to base 12
4
Convert 10110 (base 2) to base 12.
1a
What is 14 (base 6) in base 5?
20
What is -14 (base 6) in base 9?
-11
Convert -1 (base 5) to base 9.
-1
What is -1 (base 5) in base 6?
-1
16 (base 14) to base 10
20
Convert 1032 (base 6) to base 13.
152
What is 14 (base 11) in base 12?
13
What is -1202 (base 5) in base 13?
-108
What is -24 (base 16) in base 15?
-26
1 (base 11) to base 16
1
Convert -30 (base 4) to base 9.
-13
Convert -1 (base 16) to base 4.
-1
What is 5d (base 16) in base 10?
93
1204 (base 5) to base 9
218
What is -b (base 16) in base 3?
-102
What is -5 (base 10) in base 11?
-5
What is 2 (base 4) in base 7?
2
2 (base 15) to base 3
2
What is -6 (base 15) in base 16?
-6
What is -10 (base 2) in base 16?
-2
What is -1 (base 5) in base 10?
-1
What is 34 (base 5) in base 10?
19
-1 (base 9) to base 3
-1
Convert -3c (base 13) to base 7.
-102
Convert 3 (base 7) to base 11.
3
-3 (base 15) to base 13
-3
Convert -46 (base 16) to base 3.
-2121
What is 123 (base 7) in base 3?
2110
-17 (base 16) to base 15
-18
Convert 10 (base 14) to base 12.
12
10101 (base 3) to base 4
1123
What is 127 (base 10) in base 15?
87
Convert 15 (base 6) to base 11.
10
What is 32 (base 5) in base 11?
16
What is -2 (base 14) in base 15?
-2
What is -19 (base 15) in base 14?
-1a
-21 (base 6) to base 13
-10
What is -9 (base 13) in base 5?
-14
3 (base 6) to base 3
10
-4 (base 7) to base 6
-4
What is 11 (base 12) in base 4?
31
What is -13 (base 13) in base 3?
-121
What is -102 (base 3) in base 8?
-13
What is -1 (base 14) in base 12?
-1
7 (base 14) to base 16
7
What is 23 (base 7) in base 14?
13
What is -10 (base 10) in base 5?
-20
Convert -5 (base 9) to base 5.
-10
-11000 (base 2) to base 10
-24
-4 (base 9) to base 11
-4
What is -100 (base 2) in base 5?
-4
What is 21010 (base 3) in base 10?
192
Convert 10001010 (base 2) to base 12.
b6
What is 1 (base 8) in base 15?
1
Convert 2 (base 9) to base 8.
2
What is 2 (base 3) in base 2?
10
Convert -143 (base 9) to base 2.
-1111000
Convert 8 (base 14) to base 8.
10
-101 (base 3) to base 9
-11
What is 15 (base 11) in base 13?
13
-22 (base 10) to base 16
-16
Convert c (base 14) to base 4.
30
What is -264 (base 12) in base 8?
-554
What is 74 (base 14) in base 8?
146
Convert -13 (base 5) to base 4.
-20
What is 54 (base 8) in base 3?
1122
Convert 23 (base 5) to base 7.
16
4 (base 7) to base 14
4
-1 (base 16) to base 3
-1
What is 21 (base 8) in base 3?
122
Convert -130 (base 4) to base 11.
-26
Convert -111 (base 2) to base 6.
-11
Convert 15 (base 6) to base 2.
1011
11 (base 2) to base 8
3
Convert -101000 (base 2) to base 3.
-1111
20 (base 5) to base 4
22
Convert -1100 (base 2) to base 4.
-30
What is 3 (base 14) in base 3?
10
What is -5 (base 6) in base 5?
-10
0 (base 13) to base 6
0
0 (base 9) to base 7
0
Convert 2 (base 4) to base 2.
10
What is 10 (base 12) in base 11?
11
1 (base 9) to base 3
1
-33 (base 14) to base 13
-36
2 (base 7) to base 4
2
3 (base 10) to base 15
3
What is -1a (base 11) in base 15?
-16
What is 3 (base 14) in base 11?
3
100 (base 3) to base 13
9
Convert 39 (base 11) to base 14.
30
Convert -4 (base 9) to base 16.
-4
6 (base 14) to base 6
10
What is -14 (base 15) in base 16?
-13
Convert 10 (base 16) to base 8.
20
Convert -1 (base 8) to base 14.
-1
What is 25 (base 15) in base 6?
55
Convert 23 (base 14) to base 15.
21
-8 (base 13) to base 12
-8
What is -3 (base 5) in base 12?
-3
-18 (base 10) to base 12
-16
Convert 96 (base 11) to base 4.
1221
What is -23 (base 5) in base 9?
-14
Convert 0 (base 12) to base 7.
0
What is 33 (base 8) in base 16?
1b
Convert 120 (base 6) to base 8.
60
-7 (base 9) to base 3
-21
Convert -16 (base 7) to base 14.
-d
1021 (base 3) to base 11
31
Convert 13 (base 7) to base 5.
20
What is 0 (base 9) in base 7?
0
Convert 43 (base 9) to base 16.
27
-2 (base 16) to base 10
-2
-21 (base 13) to base 15
-1c
What is -8 (base 10) in base 2?
-1000
-10202 (base 4) to base 10
-290
What is -2222 (base 3) in base 2?
-1010000
Convert -100111 (base 2) to base 11.
-36
-44 (base 11) to base 14
-36
Convert 7c (base 16) to base 2.
1111100
What is -36 (base 14) in base 8?
-60
Convert -35 (base 9) to base 10.
-32
-9 (base 12) to base 7
-12
21 (base 3) to base 4
13
What is -11 (base 4) in base 12?
-5
Convert 26 (base 7) to base 11.
19
What is -23 (base 4) in base 13?
-b
Convert -9b (base 15) to base 8.
-222
What is 83 (base 11) in base 6?
231
-1 (base 4) to base 16
-1
-25 (base 11) to base 2
-11011
Convert -327 (base 8) to base 11.
-186
1020 (base 3) to base 4
201
-39 (base 10) to base 5
-124
1 (base 9) to base 16
1
Convert 130 (base 5) to base 9.
44
120 (base 12) to base 3
20020
3 (base 12) to base 9
3
Convert 6 (base 13) to base 14.
6
Convert -6 (base 8) to base 11.
-6
Convert -2 (base 12) to base 16.
-2
Convert -515 (base 7) to base 4.
-10001
What is -18 (base 12) in base 16?
-14
What is 3 (base 12) in base 8?
3
Convert 1 (base 11) to base 4.
1
What is -6 (base 16) in base 9?
-6
1110 (base 2) to base 6
22
What is 35 (base 14) in base 16?
2f
What is -2 (base 7) in base 14?
-2
-1001111 (base 2) to base 11
-72
What is 111 (base 3) in base 14?
d
What is -1 (base 12) in base 2?
-1
What is -101110 (base 2) in base 6?
-114
40 (base 10) to base 12
34
Convert 21211 (base 3) to base 2.
11010011
2 (base 4) to base 16
2
What is 13 (base 12) in base 4?
33
-22 (base 5) to base 15
-c
What is 5 (base 7) in base 4?
11
Convert 31 (base 7) to base 10.
22
Convert 49 (base 11) to base 9.
58
Convert -13 (base 8) to base 2.
-1011
9c (base 14) to base 3
12010
-6 (base 13) to base 16
-6
-17 (base 13) to base 6
-32
What is 64 (base 9) in base 12?
4a
What is 56 (base 14) in base 16?
4c
-11 (base 7) to base 4
-20
Convert 12 (base 16) to base 6.
30
-21 (base 14) to base 8
-35
Convert 101010 (base 2) to base 9.
46
Convert -7 (base 12) to base 10.
-7
What is 0 (base 7) in base 6?
0
Convert -100 (base 2) to base 10.
-4
c (base 14) to base 10
12
-35 (base 7) to base 14
-1c
What is 4 (base 9) in base 4?
10
6 (base 8) to base 12
6
1 (base 10) to base 16
1
What is -200 (base 3) in base 5?
-33
-1b (base 12) to base 7
-32
What is 20 (base 7) in base 9?
15
What is 13 (base 6) in base 14?
9
What is -10101 (base 2) in base 11?
-1a
What is -3 (base 11) in base 13?
-3
What is 1 (base 4) in base 5?
1
4 (base 11) to base 15
4
Convert -20 (base 15) to base 10.
-30
Convert 110 (base 2) to base 3.
20
Convert -a (base 11) to base 2.
-1010
What is -e (base 15) in base 11?
-13
Convert 3 (base 14) to base 7.
3
What is 10 (base 2) in base 5?
2
What is 3 (base 15) in base 12?
3
Convert 8 (base 16) to base 14.
8
Convert 11 (base 3) to base 10.
4
Convert -d (base 14) to base 16.
-d
45 (base 15) to base 13
50
Convert 101 (base 3) to base 4.
22
54 (base 14) to base 8
112
0 (base 15) to base 3
0
-3 (base 12) to base 4
-3
What is -2 (base 11) in base 16?
-2
Convert -3 (base 5) to b